f (i/19)/((6/(-130))/(-1))?
6
Suppose -56*w + 59*w = -5*a + 24849, 0 = w + 4*a - 8283. What is the units digit of w?
3
Let v be (-429 - 0/5) + 5. Let b = -121 - v. What is the units digit of b?
3
Suppose 2*s - 2*q - 24874 = 0, 11*s - 6*s + 2*q - 62192 = 0. What is the tens digit of s?
3
Suppose -3*y - 195 + 189 = 0. What is the hundreds digit of 389 + 36/(-27)*3/y?
3
Let a(n) = 1337*n**2 + 17*n - 14. What is the units digit of a(1)?
0
Let x(o) = 4*o**3 - 9*o**2 + 25*o + 17. What is the units digit of x(7)?
3
Let p = 15846 - 10937. Suppose 15*a = p + 3446. What is the units digit of a?
7
Let x be ((-12)/16)/((-3)/168). Let c be (2/8)/(-1 + (-54)/(-48)). Suppose -l = -x + c. What is the units digit of l?
0
Let m(j) = 2*j**3 - 121*j**2 + 124*j + 1204. What is the ten thousands digit of m(68)?
7
Let h(x) = 3*x**2 - 12*x + 4. Let q be h(6). What is the tens digit of 122/((-3)/15 + 18/q)?
8
Suppose 5*x + 15 = 0, 4*i + 3*x = 40976 + 23259. What is the hundreds digit of i?
0
Let k(x) = -4*x**2 + 55*x + 32. Let c(o) = -o**2 + 18*o + 10. Let r(l) = -7*c(l) + 2*k(l). What is the tens digit of r(-8)?
5
Let z = -2359 + 3027. What is the tens digit of z?
6
Suppose 6*k + 47 = 209. Let m be 9/(-21) - k/(-63). Suppose -3*h + 4*h - 51 = m. What is the units digit of h?
1
Let n be (42/7)/((-6)/(-4)). Let r = -26 - -25. What is the tens digit of 32/n*(r - 38/(-4))?
6
Suppose -q + 1085 = -2617. Suppose 19*y - q - 2074 = 0. What is the units digit of y?
4
Let j = 57 - 33. Suppose -v - 3*v = -j. Suppose -v*z + 4*z + 24 = 0. What is the tens digit of z?
1
Let x = 10362 + -5552. What is the thousands digit of x?
4
Suppose -15*v = -11*v + 348. Let z = -102 + v. Let p = z - -272. What is the tens digit of p?
8
Let h(l) = -41 - 190 - 6806*l - 10 + 6788*l. What is the hundreds digit of h(-29)?
2
Suppose 0 = -78*b + 79*b + 4*c - 9075, c + 9050 = b. What is the thousands digit of b?
9
Suppose -1 + 4 = c. Suppose -3*u + 9 = 3*r - 6*u, -5*r = 3*u - 55. What is the units digit of c*4 + r + -10?
0
Suppose 210*k + 6670340 = 348*k - 2080102. What is the ten thousands digit of k?
6
What is the units digit of (60 + -60)/(-3 - (2 + -3)) - -11297?
7
Suppose -12 = y - 2*k - 3, 0 = 2*y + 3*k - 10. What is the hundreds digit of (-47)/1*(y + -4 + -4)?
4
Suppose -91*u = -9*u - 56170. What is the tens digit of u?
8
Suppose -242*d + 285*d = 0. Let a = -10 + 76. Let x = d + a. What is the tens digit of x?
6
Suppose 0 = 112*m + m - 777440. What is the tens digit of m?
8
Let b(y) = 41*y**2 - 10*y - 7. Let s be b(-7). Suppose -5*j + 4*k = -j - s, 5*k - 15 = 0. What is the tens digit of j?
2
Let o = -565 + 76. What is the tens digit of -3 + (12 + 6)*o/(-6)?
6
Suppose 1013093 = 114*j + 57183 - 295126. What is the units digit of j?
4
Let n = -268 - -268. Suppose l + 2*x - 65 - 216 = n, 577 = 2*l - x. What is the tens digit of l?
8
Let j(a) = -491*a + 5735. What is the thousands digit of j(-6)?
8
Let f be (1044/16)/(15/(-16) - -1). Suppose j = 10*j - f. What is the tens digit of j?
1
Let a be 160/28*(-399)/(-6). Suppose 420 = 2*d + 4*w + w, -5*w = -2*d + a. What is the hundreds digit of d?
2
Suppose -102*i = -82*i - 689900. What is the hundreds digit of i?
4
Let x be -3 - -1 - (2 - -1). Let i(l) = -4*l - 15. Let u be i(x). Suppose 17*z - u*z = 2160. What is the hundreds digit of z?
1
Suppose 0 = -4*j + 4 + 4, -3*j + 92 = 2*n. Suppose -k - 2*w = -0*w - 4, 0 = -2*k + 3*w + n. Suppose k*q - 10*q = 324. What is the tens digit of q?
8
Let p(m) be the second derivative of -m**5/20 - m**4/4 + 2*m**3/3 - 13*m**2/2 - 19*m - 3. What is the units digit of p(-7)?
5
Suppose 0 = 19*d - 24*d + 2*r + 85725, -d + r + 17145 = 0. What is the units digit of d?
5
Let z = -7 + 15. Suppose 0 = -z*i + i + 1694. Suppose -i = -2*c + 54. What is the tens digit of c?
4
Suppose 35297*y - 67716 = 35293*y. What is the thousands digit of y?
6
Let u be (-6)/(-48) - (-1)/(-8). Suppose u*i + 5*i - 23 = z, -5*z + 10 = 0. What is the tens digit of i + -2 + 68 + -1?
7
Let h = -44 - -55. Suppose 0 = h*b - 14*b + 981. Suppose m + f - 119 = 0, 0 = -5*m + 2*m + 3*f + b. What is the hundreds digit of m?
1
Let l(c) = 2*c + 75. Let z be l(-7). Suppose 4*q + 5*d = 6356, -d = z - 57. What is the tens digit of q?
9
Suppose t - 2*t = 3*f - 8, 3*t - 17 = -2*f. Let w(c) = 204*c + 20. What is the hundreds digit of w(f)?
2
Suppose -5*v - 9 = 21. Let w be 0/(3/v*6). What is the units digit of (w + (-22)/(-4))*2?
1
Suppose 0 = 3*a - 3707*z + 3702*z - 710, 4*a - 985 = -z. What is the hundreds digit of a?
2
Let v = -939 + 1023. Let s = v + 807. What is the units digit of s?
1
Let m = -729 + 1443. Let r = m + 282. What is the units digit of r?
6
Suppose -2*l - 16574 = -2*r - 4132, -4*r = 2*l - 24854. What is the tens digit of r?
1
Suppose 10 = -2*q, 2*q - 10 + 16 = -w. Suppose w*x = 915 + 21. What is the hundreds digit of x?
2
Let t be 86/(-43) + (-156)/(-2). Suppose -82 = -5*k + 118. Suppose c - k - t = 0. What is the hundreds digit of c?
1
Let p = -123 + 179. Suppose 47*h + 3798 = p*h. What is the hundreds digit of h?
4
Let m be (-3)/((54/15)/(-6)). Suppose 2*r = 7*r - o + 903, 0 = -2*r - m*o - 372. Let l = r - -399. What is the hundreds digit of l?
2
Suppose 0 = -3*j - p - 12, j + 18*p - 17*p = -2. Let r(q) = 16*q**2 - 8*q + 16. What is the hundreds digit of r(j)?
4
Suppose 0 = -12*v + 23292 - 2904. Suppose 0 = 7*o - 1752 - v. What is the tens digit of o?
9
Let d(t) = -7*t + 6. Let i be 2/(-6) - (-9)/((-108)/(-40)). Let u be d(i). What is the tens digit of 73/(u/(-13) + 2/(-13))?
7
Let m = -5502 - -5497. Let a = 24 - -21. Let w = a + m. What is the units digit of w?
0
Let j = 25 - 19. Suppose -5*a = -4*s - 407, 2*a = j*a - 2*s - 322. What is the units digit of a?
9
Let a be (24/(-16))/((-3)/162*-3). What is the thousands digit of a*174*95/(-285)?
1
Let q = 1636 - 1099. What is the units digit of q?
7
Suppose 3*a - g = 22, 3*a - 21 = 2*g + 2. Let l(t) = 117*t - 18 + 21 - a. What is the hundreds digit of l(2)?
2
Suppose 5*b = -4*s - 2645, 5*s - 3*b + 3260 = -0*b. What is the units digit of s/(-5) - (4 - 11)?
8
Suppose 5*y - 115 = -25*x + 21*x, -3*y + 5*x + 32 = 0. Suppose -4*r + 3915 = h, 15*r + 3911 = y*r + 5*h. What is the units digit of r?
9
Let d be (-484)/(-726)*(981/2)/3. Suppose 1189 = 2*n + d. What is the units digit of n?
0
Let v(y) = y**3 - 10*y**2 - 10*y - 65. Let h be v(10). Let s(c) = -49*c + 2. Let d be s(6). Let i = h - d. What is the hundreds digit of i?
1
Suppose -9*r = -13*r - 24. Let l be 1/r + (-350)/(-84). Suppose -b - l*v - 16 = -52, 0 = 5*v + 15. What is the units digit of b?
8
Suppose 0 = 6*a + 4*a - 20. Suppose a*l + 13*l = 13110. What is the tens digit of l?
7
Suppose -5*u - 2*c = -73487, u - 3*c - 10430 = 4281. What is the units digit of u?
9
Let a(d) = 2*d**3 - 8*d - 5. Suppose -15*g + 30 = -9*g. What is the tens digit of a(g)?
0
Suppose -5*z - 6*p + 2*p = 825, 495 = -3*z - 4*p. Let f = z + 300. Let u = -111 + f. What is the tens digit of u?
2
Suppose 7 = 2*x - d, 20 = 2*x + d + 3. What is the hundreds digit of 292/x*(56/7 + 19)?
3
Suppose -623 = 10*m - 63. Let o = m - -174. What is the hundreds digit of o?
1
Let v = 5298 + -645. What is the units digit of v?
3
Suppose -2*r = 2*r + r - 22270. What is the units digit of r?
4
Let r = 95 - 93. Suppose 143 = 3*z - r*b, z + 65 = 2*z - 5*b. What is the units digit of (158/5)/(18/z)?
9
Let d = -61 - -67. Let j be ((-2)/d + 1)*-162. Let n = j - -164. What is the units digit of n?
6
Let m(p) = 457*p**2 - 6*p - 42. What is the thousands digit of m(-5)?
1
Let m be 4 + 2 - (-5 + 7). Suppose 0 = 4*r - 2529 + 285. What is the tens digit of m/(-16)*2 + r/6?
9
What is the thousands digit of (-1 + -2 - (-27)/15)*3132000/(-405)?
9
Let q = 12 - 9. Let s(u) = 3*u - 7. Let o be s(q). Suppose -o*r = -2*i + 5*i - 159, -5*i = 2*r - 161. What is the tens digit of r?
7
Let l(m) = 3*m + 8. Suppose 4*b = r - 5, 3*b - 5 = -0*r - r. Suppose -r*y + 80 - 15 = 0. What is the units digit of l(y)?
7
Let d be (26655 + -3)/6*1. Suppose -2*j = -4*f + d - 1850, -2*f + 5*j + 1280 = 0. What is the units digit of f?
0
Let v(k) = 12*k**2 + 25*k - 1713. What is the tens digit of v(38)?
6
Let j(s) = -11 + 6*s - s - 3*s - s. Let o be j(13). What is the tens digit of (o/(-3))/(16/1548)*-2?
2
Let y = -9617 + 82243. Wha